+ 1. Let u(p) = k(p) - s(p). Give u(-1).
-10
Let r be 1*(-10)/(-2)*(-2)/(-5). Let o(g) = 1. Let t(b) = -b**3 + b**2 - 3*b - 3. Let w(m) = -4*o(m) - t(m). Calculate w(r).
9
Let q be 34/(-136) - 129/12. Let y(v) = v**3 + 11*v**2 - v - 5. Give y(q).
6
Suppose -2*u + 2 = -4*h + 4, 0 = -2*u + 2*h - 4. Let y be 24*(u + 25/15). Let d = -28 - y. Let i(s) = -4*s + 6. What is i(d)?
-10
Let r(n) = 8 - 6*n**2 + 3*n - 115*n**3 + 116*n**3 + 4*n - 10*n. What is r(7)?
36
Let g(l) = -3*l**2 + 2*l + 11. Let o be g(4). Let w = -29 - o. Let c(y) = y**3 + y**2 - y + 2. What is c(w)?
2
Let r(k) = -48*k**2 + 135*k - 135*k + 47*k**2. Let t(o) = -o - 7. Let z be t(-5). Determine r(z).
-4
Let x = -192 - -195. Let n(u) = u**2 - 5*u - 4. Let o be n(6). Let h(i) = -1 + i - o*i - 2. Give h(x).
-6
Let g(n) = n**3 - 9*n**2 - n + 5. Let j be (-9 + 18 - 10)*-9. Calculate g(j).
-4
Suppose 0 + 20 = -5*f, -4*c - 2*f = -16. Let h(r) = -r**2 + 5*r. Give h(c).
-6
Let t(i) = -i**3 + 3*i**2 - i + 2. Let j = -52 + 46. Let a be 1/((-15)/j) + (-54)/(-15). What is t(a)?
-18
Let u(v) = v**2 + 10*v. Suppose 6*h + 52 = 2*h. Let j be u(h). Let n(z) = -75*z + j*z + 30*z. Determine n(1).
-6
Let h(z) = 5*z - 57. Let r be h(13). Let v(o) = 3*o - 4*o + 2*o - 10. What is v(r)?
-2
Let i(u) = -u**3 + u**2 + 25. Let o be i(0). Let j = -13 + o. Let d(k) = -6*k - 1 + j*k**2 - 7*k**2 + 7 + k**3. Determine d(-6).
6
Let v(i) be the second derivative of i**3/6 + 2*i. Let o = 30 - 30. Let f be (o - -3) + 2 + -6. Give v(f).
-1
Suppose 0*i + i - 10 = 3*b, b = i - 6. Suppose i*n = 20, -2*l + 2*n = 5*n - 29. Let f(a) = -a**2 + 7*a - 2. Calculate f(l).
-2
Let j = 1062 + -1066. Let k(p) = p**3 + 5*p**2 + 8*p + 8. Calculate k(j).
-8
Let u(a) = -2*a. Suppose 3*x + 21 = 6*x. Let c = -5 + x. Suppose 10 = -4*t - 6, c*q - 5*t - 26 = 0. Determine u(q).
-6
Let z(b) = -9*b**2 - 3*b + 3. Let r be z(1). Let m(f) = 2*f + 15. Give m(r).
-3
Let u(o) = -7*o - 17. Let y(b) = -4*b - 9. Let f(d) = -5*u(d) + 9*y(d). Give f(15).
-11
Let p(i) = -5*i - 13. Let b(r) = -9*r - 25. Let y(z) = -6*b(z) + 11*p(z). Suppose -o + 8 = 2. Give y(o).
1
Let f(a) = a**3 + 7*a**2 + 3*a - 7. Let r = 76 - 71. Suppose -r*s + 5*k = 25, -k + 2*k + 1 = 0. Give f(s).
11
Suppose 3*m - 3*k + 10 + 14 = 0, 3*m + k + 12 = 0. Let h(o) = 8*o + 5. Let b(w) = 9*w + 6. Let f(s) = -4*b(s) + 5*h(s). Give f(m).
-19
Suppose -2*v - 5*a = -45 - 8, 4*v - 3*a = 41. Let z(c) = -1 - 6*c - 36*c**2 + 35*c**2 + v*c. What is z(7)?
6
Let n(f) be the first derivative of f**5/120 - 5*f**4/24 - 25*f**3/3 - 24. Let z(b) be the third derivative of n(b). What is z(0)?
-5
Let o(r) = -2*r**3 + 9*r**2 - r - 7. Suppose l + 22*b - 25*b = 19, 2*b = 3*l - 22. Calculate o(l).
5
Let x(p) = -45*p - 50*p - 9 + 94*p. Let g be x(-7). Let w(l) = 9*l - 2. Determine w(g).
-20
Let s(m) = 2*m**3 + m**2 - 20*m - 5. Let a be s(3). Let x(y) = y + 1. Let o(j) = -j - 3*j - 6 + 1. Let v(z) = o(z) + 6*x(z). Give v(a).
-3
Let h(p) = -8*p - 1331 + 1338 + p**2 + p. Suppose -5*j = 2*t + 2*t - 22, 5*j - 40 = 5*t. Calculate h(j).
1
Let o = 0 - 1. Let n(i) be the first derivative of -9/2*i**2 + i - 1. Determine n(o).
10
Let p(f) = f**3 - 2*f**2 - 3*f - 3. Let t be (-2)/(98/(-21) + 4). What is p(t)?
-3
Let l(x) = x**2 + 3. Suppose 3*c - 8 - 2 = 2*d, 0 = -5*d + 4*c - 11. Let z be 0/(-10)*d/2. Let p be z/(1 - (-3 + 1)). Give l(p).
3
Let k(n) be the first derivative of -n**2/2 + 4*n + 202. Let s(a) = -6*a**2. Let j be s(-1). Give k(j).
10
Let c be 3/(-6)*(1 + 3). Let l(h) = h**3 + 3*h**2 - 2*h - 3. Let k be l(-3). Let x(r) = r - r**3 + 0 + r**2 + 2 + 2*r**k. What is x(c)?
-4
Let c(t) = t**3 + 7*t**2 + 2*t. Suppose 12 + 14 = -4*a + l, -22 = 2*a + 4*l. Calculate c(a).
-14
Let c(z) = z**3 - 5*z**2 + 7*z + 1. Suppose -141*x = -128*x - 65. Determine c(x).
36
Let j(t) = t**3 + 5*t**2 - 6*t + 4. Let d(z) = -4*z**2 + 6*z - 8. Let p be d(1). Calculate j(p).
4
Let o(z) = -17 + 11 + 5 + z. Let k(b) = -6*b + 10. Let s(i) = -k(i) - 5*o(i). Determine s(5).
0
Let k(v) = 4*v**2 + 33*v - 2. Let m(r) = -5*r**2 - 43*r + 2. Let p(h) = -4*k(h) - 3*m(h). Suppose c = -o - 2, 4*o = 2*c - 3*c + 4. What is p(c)?
-2
Let d(g) = -2*g + 36. Let f(v) = 12*v - 17. Let a be f(3). Determine d(a).
-2
Let z(y) = -2*y**2 - 44*y + 92. Let s be z(-24). Let k(u) = u**2 + 2*u + 3. Calculate k(s).
11
Let x(v) = -v**3 - 3*v**2 + 3*v - 2. Let u = -28 + 11. Let z(h) = -h**3 - 7*h**2 - 6*h + 6. Let b be z(-5). Let t = u - b. Determine x(t).
-11
Let q(v) = v**2 - 9*v - 3. Let d(r) = -r**3 + 4*r**2 + r - 4. Let z be d(3). Let b be q(z). Let n = b + 5. Let m(k) = -k - 14. Determine m(n).
-8
Let o(a) be the second derivative of -a**6/360 - a**5/120 - a**4/3 - 49*a**3/6 - 19*a. Let m(t) be the second derivative of o(t). Determine m(0).
-8
Let b(m) be the third derivative of m**4/24 - m**3/6 + 2*m**2. Let q be 4/8 + 4/((-8)/(-9)). Determine b(q).
4
Let a(l) = 2*l - l**2 - 3*l**2 + l**3 + 0*l**3. Let j be (-3 + 6 - (-1 + 2)) + -1. Let q be (0 + 6)/(j/(-2) - -2). Determine a(q).
8
Let s(b) be the second derivative of -b**5/60 + b**4/8 + 7*b**3/6 - 3*b**2/2 - 15*b. Let o(w) be the first derivative of s(w). Give o(7).
-21
Suppose -5*o = -3*y - 3 - 8, 2*o - 8 = 0. Let l(t) be the first derivative of 1/2*t**2 - 4*t + y. Calculate l(-4).
-8
Let l(z) be the third derivative of -z**7/280 - z**6/360 + z**5/40 - z**4/12 + 16*z**3/3 + z**2 + 21. Let x(d) be the first derivative of l(d). Give x(2).
-24
Let p(w) = 11*w + 11 + 8 - 30 + 12. Determine p(-3).
-32
Suppose -1 = -4*q - 13. Let v be (1 - (-5 + 2)) + q. Let t(g) be the first derivative of -g**2/2 + 3. Determine t(v).
-1
Let r(g) = 9. Let t(d) = -d. Let w(p) = r(p) - 2*t(p). Let m(f) = -5*f - 26. Let l(j) = -3*m(j) - 8*w(j). What is l(5)?
1
Let h(j) = 128 - 6*j - 128 + 7*j. Give h(-2).
-2
Let u(a) = -a**2 - 7*a - 4. Suppose 3*j - 12 = s, -5*j = -2*s + s - 18. Suppose -2*y = 2*p + 4, j*y + 10*p - 14*p = -34. What is u(y)?
2
Let v(i) = i**3 - 7*i**2 - 10*i + 12. Let c be (-2 - -6)*(2 + 0). Determine v(c).
-4
Let z(n) = n**3 - 5*n**2 + 7*n - 6. Suppose -6*r - 92 = -4*g - 2*r, r = -4. Let v = -15 + g. What is z(v)?
6
Let t(z) = -z - 3. Suppose 5*h + 12 = 2*h - 3*n, -16 = -5*h + 4*n. Suppose h*r = r - 13. Let w = -9 + r. Give t(w).
-7
Let t(n) = 3*n**3 + 5*n**2 + 6*n + 1. Let g(d) = -d**3 + d**2 + 1. Suppose -7 = 2*w - 3. Let l(z) = w*g(z) - t(z). What is l(-6)?
-3
Suppose v = 3*y + 10, -v = -0*v + 4*y - 3. Suppose 3*c + 8 = v*c. Suppose -c = -4*u + 5*u. Let j(s) = -2*s**3 - 4*s**2 - s + 2. Give j(u).
4
Let h(k) = -k**3 - 2*k. Let g be h(0). Let o(a) = 2*a**2 + 2*a + 4. Let v(u) = -5*u**2 - 5*u - 8. Let t(b) = -7*o(b) - 3*v(b). Calculate t(g).
-4
Let n(o) = 8*o**2 - 5*o + 14. Let v(y) = -11*y**2 + 8*y - 21. Let b(z) = -7*n(z) - 5*v(z). Suppose -2*f + 3*s = 18, 1 + 15 = -2*f + 2*s. What is b(f)?
1
Let p(f) = 0 - 3*f**2 - 5 + f**3 - 49*f + 99*f - 50*f. Calculate p(3).
-5
Let c(u) = 896 - 1799 + 898 + u. What is c(-8)?
-13
Let m(u) be the first derivative of 2*u**3/3 - u**2/2 - 2*u + 5. Let k(r) = r - 1. Let x be k(1). Suppose 3*d - 4*d + 2 = x. Determine m(d).
4
Let h = 601 + -598. Let m(z) = z**2 + z. Determine m(h).
12
Let u(g) be the second derivative of -g**5/120 - g**4/12 - g**3/3 + 30*g. Let d(q) be the second derivative of u(q). Give d(-2).
0
Let c(i) = 43 - 3*i + i**3 + 10*i**2 + 8*i - 34 - 3*i**2. Let u be 98/(-16) + (1 - 7/8). Determine c(u).
15
Let u(p) = -13*p**2 - 13*p + 35. Let l(a) = -3*a**2 - 3*a + 9. Let j(b) = -9*l(b) + 2*u(b). Calculate j(5).
19
Let i(o) = -o. Let m(d) = -3*d - 2. Let b be m(-4). Let j be (6/15)/((-1)/b). Let w(a) = a + 1. Let s(l) = j*i(l) - 3*w(l). Give s(3).
0
Let u(x) = -x**2 + 4. Suppose -i = -0*i + i. Calculate u(i).
4
Let i(l) = 3*l**2 + 0 - 2 + 5 - 4*l**2. Let x(a) = a**2 - 9*a - 10. Let t be x(10). Suppose t = 2*z - 0*z - 6. Determine i(z).
-6
Let j(z) = -2*z - 2 - 2 + 3 - 33761*z**2 + 33757*z**2. Determine j(2).
-21
Let l(p) = -5*p + p**3 - 7*p**2 + 0*p + 2*p + 4 + 8*p. Determine l(5).
-21
Let u(i) = i**3 - i + 2. Let n be 11/4 - (-96)/(-128). What is u(n)?
8
Let b(q) be the third derivative of -q**9/60480 + q**8/5040 - q**7/5040 - q**6/240 + q**5/5 + 2*q**2. Let m(d) be the third derivative of b(d). Calculate m(3).
3
Let s(d) = -2*d**2 + 26*d - 13. Suppose 39 = w + 27. Let i be s(w). Let